{"id":119,"date":"2026-03-26T14:12:07","date_gmt":"2026-03-26T14:12:07","guid":{"rendered":"http:\/\/elfiexertier.com\/?page_id=119"},"modified":"2026-04-07T17:49:53","modified_gmt":"2026-04-07T17:49:53","slug":"berceuse","status":"publish","type":"page","link":"http:\/\/elfiexertier.com\/index.php\/berceuse\/","title":{"rendered":"berceuse"},"content":{"rendered":"\n<div class=\"wp-block-cover alignfull is-light has-custom-content-position is-position-bottom-center\" style=\"margin-top:0;margin-bottom:0;padding-top:var(--wp--preset--spacing--50);padding-right:var(--wp--preset--spacing--50);padding-bottom:var(--wp--preset--spacing--50);padding-left:var(--wp--preset--spacing--50);min-height:840px;aspect-ratio:unset;\"><img loading=\"lazy\" decoding=\"async\" width=\"683\" height=\"1024\" class=\"wp-block-cover__image-background wp-image-194 size-large\" alt=\"\" src=\"http:\/\/elfiexertier.com\/wp-content\/uploads\/2026\/03\/IMG_3067-1-683x1024.jpg\" data-object-fit=\"cover\" srcset=\"http:\/\/elfiexertier.com\/wp-content\/uploads\/2026\/03\/IMG_3067-1-683x1024.jpg 683w, http:\/\/elfiexertier.com\/wp-content\/uploads\/2026\/03\/IMG_3067-1-200x300.jpg 200w, http:\/\/elfiexertier.com\/wp-content\/uploads\/2026\/03\/IMG_3067-1-768x1152.jpg 768w, http:\/\/elfiexertier.com\/wp-content\/uploads\/2026\/03\/IMG_3067-1-1024x1536.jpg 1024w, http:\/\/elfiexertier.com\/wp-content\/uploads\/2026\/03\/IMG_3067-1-1365x2048.jpg 1365w, http:\/\/elfiexertier.com\/wp-content\/uploads\/2026\/03\/IMG_3067-1-scaled.jpg 1707w\" sizes=\"auto, (max-width: 683px) 100vw, 683px\" \/><span aria-hidden=\"true\" class=\"wp-block-cover__background has-background-dim-10 has-background-dim\" style=\"background-color:#7f8993\"><\/span><div class=\"wp-block-cover__inner-container has-global-padding is-layout-constrained wp-container-core-cover-is-layout-d89aad35 wp-block-cover-is-layout-constrained\">\n<div class=\"wp-block-group alignwide has-global-padding is-content-justification-left is-layout-constrained wp-container-core-group-is-layout-12dd3699 wp-block-group-is-layout-constrained\">\n<h2 class=\"wp-block-heading has-text-align-left has-xx-large-font-size\"><\/h2>\n<\/div>\n<\/div><\/div>\n\n\n\n<div class=\"wp-block-group alignfull is-style-section-5 has-global-padding is-layout-constrained wp-block-group-is-layout-constrained is-style-section-5--1\" style=\"margin-top:0;margin-bottom:0;padding-top:var(--wp--preset--spacing--50);padding-bottom:var(--wp--preset--spacing--50)\">\n<div class=\"wp-block-columns alignwide is-layout-flex wp-container-core-columns-is-layout-7ee84d44 wp-block-columns-is-layout-flex\">\n<div class=\"wp-block-column is-vertically-aligned-center is-layout-flow wp-block-column-is-layout-flow\" style=\"flex-basis:50%\">\n<h2 class=\"wp-block-heading\">Berceuse <\/h2>\n\n\n\n<p class=\"has-medium-font-size\"><strong>Installation sonore, technique mixte<\/strong><\/p>\n\n\n\n<p class=\"has-medium-font-size\"><strong>Structure en m\u00e9tal et bande sonore 3min<\/strong><\/p>\n\n\n\n<p class=\"has-medium-font-size\">Photographie Stephanie Lehu                                                                            R\u00e9alisation du berceau \u00e0 taille adulte par Fabien Lovisa, ferronnier d\u2019art \u00e0 Valaurie. <br>Montage sonore r\u00e9alis\u00e9 par David Guillermin<\/p>\n\n\n\n<p><\/p>\n<\/div>\n\n\n\n<div class=\"wp-block-column is-vertically-aligned-center is-layout-flow wp-block-column-is-layout-flow\" style=\"flex-basis:50%\">\n<figure class=\"wp-block-image size-full\"><img loading=\"lazy\" decoding=\"async\" width=\"1707\" height=\"2560\" src=\"http:\/\/elfiexertier.com\/wp-content\/uploads\/2026\/03\/IMG_6789-scaled.jpg\" alt=\"\" class=\"wp-image-171\" style=\"aspect-ratio:1;object-fit:cover\" srcset=\"http:\/\/elfiexertier.com\/wp-content\/uploads\/2026\/03\/IMG_6789-scaled.jpg 1707w, http:\/\/elfiexertier.com\/wp-content\/uploads\/2026\/03\/IMG_6789-200x300.jpg 200w, http:\/\/elfiexertier.com\/wp-content\/uploads\/2026\/03\/IMG_6789-683x1024.jpg 683w, http:\/\/elfiexertier.com\/wp-content\/uploads\/2026\/03\/IMG_6789-768x1152.jpg 768w, http:\/\/elfiexertier.com\/wp-content\/uploads\/2026\/03\/IMG_6789-1024x1536.jpg 1024w, http:\/\/elfiexertier.com\/wp-content\/uploads\/2026\/03\/IMG_6789-1365x2048.jpg 1365w\" sizes=\"auto, (max-width: 1707px) 100vw, 1707px\" \/><\/figure>\n<\/div>\n<\/div>\n<\/div>\n\n\n\n<div class=\"wp-block-group alignfull has-global-padding is-layout-constrained wp-block-group-is-layout-constrained\" style=\"margin-top:0;margin-bottom:0\">\n<div class=\"wp-block-group alignwide is-layout-grid wp-container-core-group-is-layout-5fdb10e5 wp-block-group-is-layout-grid\" style=\"padding-top:var(--wp--preset--spacing--50);padding-bottom:var(--wp--preset--spacing--50)\">\n<div class=\"wp-block-group is-vertical is-content-justification-stretch is-nowrap is-layout-flex wp-container-core-group-is-layout-627337ab wp-block-group-is-layout-flex\">\n<div class=\"wp-block-group is-vertical is-content-justification-left is-layout-flex wp-container-core-group-is-layout-dd225191 wp-block-group-is-layout-flex\">\n<pre class=\"wp-block-code is-style-text-subtitle\"><code>Berceau des ann\u00e9es 30 fait \u00e0 la mesure d\u2019un adulte. (la taille d\u2019un b\u00e9b\u00e9 de six mois en comparaison avec une personne d\u20191m70)\n\u00abJ\u2019arrive dans cet endroit (secteur Alzheimer de l\u2019h\u00f4pital BSA), une vieille dame chante. Cette voix rauque nous interpelle, ce son englobe la salle comme une berceuse. Elle sourit. Je la remercie. Cette chanson est effrayante et inintelligible. Je me trouve face \u00e0 cette dame et je dois tout apprendre pour entrer en contact avec elle.\u00bb cette chanson scand\u00e9e en boucle par cette vieille dame dansante, pantoufle \u00e0 la main, me ram\u00e8ne \u00e0 l\u2019enfance, aux comptines, aux berceuses que l\u2019on chante \u00e0 son enfant pour qu\u2019il s\u2019endorme.\nApr\u00e8s cette exp\u00e9rience, un dessin est r\u00e9alis\u00e9, puis le montage sonore de la berceuse.\nLa structure en m\u00e9tal est faites l\u2019ann\u00e9e suivante pour l\u2019exposition \u00abpause\u00bb pr\u00e9sent\u00e9e \u00e0 la maison de la tour en 2016. Les deux oeuvres sont mises en relation \u00abpour \u00e9couter la berceuse \u00e0 la hauteur d\u2019un enfant.\u00bb<\/code><\/pre>\n<\/div>\n\n\n\n<figure class=\"wp-block-image size-full\"><img loading=\"lazy\" decoding=\"async\" width=\"1632\" height=\"1224\" src=\"http:\/\/elfiexertier.com\/wp-content\/uploads\/2026\/03\/WP_20160310_016.jpg\" alt=\"\" class=\"wp-image-172\" style=\"aspect-ratio:16\/9;object-fit:cover\" srcset=\"http:\/\/elfiexertier.com\/wp-content\/uploads\/2026\/03\/WP_20160310_016.jpg 1632w, http:\/\/elfiexertier.com\/wp-content\/uploads\/2026\/03\/WP_20160310_016-300x225.jpg 300w, http:\/\/elfiexertier.com\/wp-content\/uploads\/2026\/03\/WP_20160310_016-1024x768.jpg 1024w, http:\/\/elfiexertier.com\/wp-content\/uploads\/2026\/03\/WP_20160310_016-768x576.jpg 768w, http:\/\/elfiexertier.com\/wp-content\/uploads\/2026\/03\/WP_20160310_016-1536x1152.jpg 1536w\" sizes=\"auto, (max-width: 1632px) 100vw, 1632px\" \/><\/figure>\n<\/div>\n\n\n\n<figure class=\"wp-block-image size-full\"><img loading=\"lazy\" decoding=\"async\" width=\"1076\" height=\"1673\" src=\"http:\/\/elfiexertier.com\/wp-content\/uploads\/2026\/03\/r-DSC05188-2.jpg\" alt=\"\" class=\"wp-image-193\" style=\"aspect-ratio:3\/4;object-fit:cover\" srcset=\"http:\/\/elfiexertier.com\/wp-content\/uploads\/2026\/03\/r-DSC05188-2.jpg 1076w, http:\/\/elfiexertier.com\/wp-content\/uploads\/2026\/03\/r-DSC05188-2-193x300.jpg 193w, http:\/\/elfiexertier.com\/wp-content\/uploads\/2026\/03\/r-DSC05188-2-659x1024.jpg 659w, http:\/\/elfiexertier.com\/wp-content\/uploads\/2026\/03\/r-DSC05188-2-768x1194.jpg 768w, http:\/\/elfiexertier.com\/wp-content\/uploads\/2026\/03\/r-DSC05188-2-988x1536.jpg 988w\" sizes=\"auto, (max-width: 1076px) 100vw, 1076px\" \/><\/figure>\n<\/div>\n<\/div>\n\n\n\n<figure class=\"wp-block-image size-full\"><img loading=\"lazy\" decoding=\"async\" width=\"126\" height=\"129\" src=\"http:\/\/elfiexertier.com\/wp-content\/uploads\/2026\/04\/logo-cube-n.jpeg\" alt=\"\" class=\"wp-image-305\"\/><\/figure>\n","protected":false},"excerpt":{"rendered":"<p>Berceuse Installation sonore, technique mixte Structure en m\u00e9tal et bande sonore 3min Photographie Stephanie Lehu R\u00e9alisation du berceau \u00e0 taille adulte par Fabien Lovisa, ferronnier d\u2019art \u00e0 Valaurie. Montage sonore r\u00e9alis\u00e9 par David Guillermin<\/p>\n","protected":false},"author":1,"featured_media":0,"parent":0,"menu_order":0,"comment_status":"closed","ping_status":"closed","template":"","meta":{"footnotes":""},"class_list":["post-119","page","type-page","status-publish","hentry"],"_links":{"self":[{"href":"http:\/\/elfiexertier.com\/index.php\/wp-json\/wp\/v2\/pages\/119","targetHints":{"allow":["GET"]}}],"collection":[{"href":"http:\/\/elfiexertier.com\/index.php\/wp-json\/wp\/v2\/pages"}],"about":[{"href":"http:\/\/elfiexertier.com\/index.php\/wp-json\/wp\/v2\/types\/page"}],"author":[{"embeddable":true,"href":"http:\/\/elfiexertier.com\/index.php\/wp-json\/wp\/v2\/users\/1"}],"replies":[{"embeddable":true,"href":"http:\/\/elfiexertier.com\/index.php\/wp-json\/wp\/v2\/comments?post=119"}],"version-history":[{"count":7,"href":"http:\/\/elfiexertier.com\/index.php\/wp-json\/wp\/v2\/pages\/119\/revisions"}],"predecessor-version":[{"id":308,"href":"http:\/\/elfiexertier.com\/index.php\/wp-json\/wp\/v2\/pages\/119\/revisions\/308"}],"wp:attachment":[{"href":"http:\/\/elfiexertier.com\/index.php\/wp-json\/wp\/v2\/media?parent=119"}],"curies":[{"name":"wp","href":"https:\/\/api.w.org\/{rel}","templated":true}]}}