{"id":122,"date":"2026-03-26T14:01:44","date_gmt":"2026-03-26T14:01:44","guid":{"rendered":"http:\/\/elfiexertier.com\/?page_id=122"},"modified":"2026-04-07T17:40:37","modified_gmt":"2026-04-07T17:40:37","slug":"dinosaure","status":"publish","type":"page","link":"http:\/\/elfiexertier.com\/index.php\/dinosaure\/","title":{"rendered":"dinosaure"},"content":{"rendered":"\n<div class=\"wp-block-cover alignfull is-light has-custom-content-position is-position-bottom-center\" style=\"margin-top:0;margin-bottom:0;padding-top:var(--wp--preset--spacing--50);padding-right:var(--wp--preset--spacing--50);padding-bottom:var(--wp--preset--spacing--50);padding-left:var(--wp--preset--spacing--50);min-height:840px;aspect-ratio:unset;\"><img loading=\"lazy\" decoding=\"async\" width=\"683\" height=\"1024\" class=\"wp-block-cover__image-background wp-image-186 size-large\" alt=\"\" src=\"http:\/\/elfiexertier.com\/wp-content\/uploads\/2026\/03\/IMG_6892-1-683x1024.jpg\" data-object-fit=\"cover\" srcset=\"http:\/\/elfiexertier.com\/wp-content\/uploads\/2026\/03\/IMG_6892-1-683x1024.jpg 683w, http:\/\/elfiexertier.com\/wp-content\/uploads\/2026\/03\/IMG_6892-1-200x300.jpg 200w, http:\/\/elfiexertier.com\/wp-content\/uploads\/2026\/03\/IMG_6892-1-768x1152.jpg 768w, http:\/\/elfiexertier.com\/wp-content\/uploads\/2026\/03\/IMG_6892-1-1024x1536.jpg 1024w, http:\/\/elfiexertier.com\/wp-content\/uploads\/2026\/03\/IMG_6892-1-1365x2048.jpg 1365w, http:\/\/elfiexertier.com\/wp-content\/uploads\/2026\/03\/IMG_6892-1-rotated.jpg 1568w\" sizes=\"auto, (max-width: 683px) 100vw, 683px\" \/><span aria-hidden=\"true\" class=\"wp-block-cover__background has-background-dim-10 has-background-dim\" style=\"background-color:#bebeb6\"><\/span><div class=\"wp-block-cover__inner-container has-global-padding is-layout-constrained wp-container-core-cover-is-layout-d89aad35 wp-block-cover-is-layout-constrained\">\n<div class=\"wp-block-group alignwide has-global-padding is-content-justification-left is-layout-constrained wp-container-core-group-is-layout-12dd3699 wp-block-group-is-layout-constrained\">\n<p class=\"has-text-align-left\"><\/p>\n<\/div>\n<\/div><\/div>\n\n\n\n<div class=\"wp-block-group alignfull is-style-section-5 has-global-padding is-layout-constrained wp-block-group-is-layout-constrained is-style-section-5--1\" style=\"margin-top:0;margin-bottom:0;padding-top:var(--wp--preset--spacing--50);padding-bottom:var(--wp--preset--spacing--50)\">\n<div class=\"wp-block-columns alignwide is-layout-flex wp-container-core-columns-is-layout-7ee84d44 wp-block-columns-is-layout-flex\">\n<div class=\"wp-block-column is-vertically-aligned-center is-layout-flow wp-block-column-is-layout-flow\" style=\"flex-basis:50%\">\n<h2 class=\"wp-block-heading\">dinosaure <\/h2>\n\n\n\n<p class=\"has-medium-font-size\">s\u00e9rie photographique, tir\u00e9es sur diapositives 2009\/2024<\/p>\n\n\n\n<p class=\"has-medium-font-size\">vues d&rsquo;exposition au ch\u00e2teau Pradelle BSA<\/p>\n<\/div>\n\n\n\n<div class=\"wp-block-column is-vertically-aligned-center is-layout-flow wp-block-column-is-layout-flow\" style=\"flex-basis:50%\">\n<figure class=\"wp-block-image size-full\"><img loading=\"lazy\" decoding=\"async\" width=\"2560\" height=\"1920\" src=\"http:\/\/elfiexertier.com\/wp-content\/uploads\/2026\/03\/P1060063-scaled.jpg\" alt=\"\" class=\"wp-image-185\" style=\"aspect-ratio:1;object-fit:cover\" srcset=\"http:\/\/elfiexertier.com\/wp-content\/uploads\/2026\/03\/P1060063-scaled.jpg 2560w, http:\/\/elfiexertier.com\/wp-content\/uploads\/2026\/03\/P1060063-300x225.jpg 300w, http:\/\/elfiexertier.com\/wp-content\/uploads\/2026\/03\/P1060063-1024x768.jpg 1024w, http:\/\/elfiexertier.com\/wp-content\/uploads\/2026\/03\/P1060063-768x576.jpg 768w, http:\/\/elfiexertier.com\/wp-content\/uploads\/2026\/03\/P1060063-1536x1152.jpg 1536w, http:\/\/elfiexertier.com\/wp-content\/uploads\/2026\/03\/P1060063-2048x1536.jpg 2048w\" sizes=\"auto, (max-width: 2560px) 100vw, 2560px\" \/><\/figure>\n<\/div>\n<\/div>\n<\/div>\n\n\n\n<div class=\"wp-block-group alignfull has-global-padding is-layout-constrained wp-block-group-is-layout-constrained\" style=\"margin-top:0;margin-bottom:0\">\n<div class=\"wp-block-group alignwide is-layout-grid wp-container-core-group-is-layout-5fdb10e5 wp-block-group-is-layout-grid\" style=\"padding-top:var(--wp--preset--spacing--50);padding-bottom:var(--wp--preset--spacing--50)\">\n<div class=\"wp-block-group is-vertical is-content-justification-stretch is-nowrap is-layout-flex wp-container-core-group-is-layout-627337ab wp-block-group-is-layout-flex\">\n<div class=\"wp-block-group is-vertical is-content-justification-left is-layout-flex wp-container-core-group-is-layout-dd225191 wp-block-group-is-layout-flex\">\n<pre class=\"wp-block-code is-style-text-subtitle\"><code>Le vieux monsieur qui a fabriqu\u00e9 cette pelle hydraulique est venu \u00e0 Valaurie pour me rencontrer lors de ma r\u00e9sidence au Cube. Il lisait le journal hebdomadaire La Tribune, dans lequel cette photo est parue comme \" photographie de la semaine \" (La tribune mai 2014).\nJe faisais \u00e0 ce moment des photos dans la salle des f\u00eates, par hasard il est entr\u00e9. Il m\u2019a dit avoir tous les plans de cet engin, et d\u2019autres qu\u2019il avait fabriqu\u00e9s dans les ann\u00e9es 60, c'\u00e9tait l'inventeur des verrins hydrauliques.\nJe voulais aller chez lui pour qu\u2019il me parle de son ancien m\u00e9tier, mais lors de notre dernier entretien t\u00e9l\u00e9phonique, il m'a dit :\n\n\" certains souvenirs doivent \u00eatre oubli\u00e9s \". \n\nJe n\u2019ai malheureusement pas pu le rencontrer.\n\nCette pratique se rapproche de l\u2019urbex, ces prises de vues sont d\u00e9velopp\u00e9es sur diapositives et projet\u00e9es. Ces engins agricoles sont recouverts de v\u00e9g\u00e9tations, je les d\u00e9couvre au hasard de mes promenades en pleine nature.<\/code><\/pre>\n<\/div>\n\n\n\n<figure class=\"wp-block-image size-full\"><img loading=\"lazy\" decoding=\"async\" width=\"2352\" height=\"1568\" src=\"http:\/\/elfiexertier.com\/wp-content\/uploads\/2026\/04\/dinosaure-expo-elfi-exertier-IMG_7352.jpg\" alt=\"\" class=\"wp-image-299\" style=\"aspect-ratio:16\/9;object-fit:cover\" srcset=\"http:\/\/elfiexertier.com\/wp-content\/uploads\/2026\/04\/dinosaure-expo-elfi-exertier-IMG_7352.jpg 2352w, http:\/\/elfiexertier.com\/wp-content\/uploads\/2026\/04\/dinosaure-expo-elfi-exertier-IMG_7352-300x200.jpg 300w, http:\/\/elfiexertier.com\/wp-content\/uploads\/2026\/04\/dinosaure-expo-elfi-exertier-IMG_7352-1024x683.jpg 1024w, http:\/\/elfiexertier.com\/wp-content\/uploads\/2026\/04\/dinosaure-expo-elfi-exertier-IMG_7352-768x512.jpg 768w, http:\/\/elfiexertier.com\/wp-content\/uploads\/2026\/04\/dinosaure-expo-elfi-exertier-IMG_7352-1536x1024.jpg 1536w, http:\/\/elfiexertier.com\/wp-content\/uploads\/2026\/04\/dinosaure-expo-elfi-exertier-IMG_7352-2048x1365.jpg 2048w\" sizes=\"auto, (max-width: 2352px) 100vw, 2352px\" \/><\/figure>\n<\/div>\n\n\n\n<figure class=\"wp-block-image size-full\"><img loading=\"lazy\" decoding=\"async\" width=\"1568\" height=\"2352\" src=\"http:\/\/elfiexertier.com\/wp-content\/uploads\/2026\/03\/IMG_6907-rotated.jpg\" alt=\"\" class=\"wp-image-189\" style=\"aspect-ratio:3\/4;object-fit:cover\" srcset=\"http:\/\/elfiexertier.com\/wp-content\/uploads\/2026\/03\/IMG_6907-rotated.jpg 1568w, http:\/\/elfiexertier.com\/wp-content\/uploads\/2026\/03\/IMG_6907-200x300.jpg 200w, http:\/\/elfiexertier.com\/wp-content\/uploads\/2026\/03\/IMG_6907-683x1024.jpg 683w, http:\/\/elfiexertier.com\/wp-content\/uploads\/2026\/03\/IMG_6907-768x1152.jpg 768w, http:\/\/elfiexertier.com\/wp-content\/uploads\/2026\/03\/IMG_6907-1024x1536.jpg 1024w, http:\/\/elfiexertier.com\/wp-content\/uploads\/2026\/03\/IMG_6907-1365x2048.jpg 1365w\" sizes=\"auto, (max-width: 1568px) 100vw, 1568px\" \/><\/figure>\n<\/div>\n<\/div>\n\n\n\n<p><\/p>\n","protected":false},"excerpt":{"rendered":"<p>dinosaure s\u00e9rie photographique, tir\u00e9es sur diapositives 2009\/2024 vues d&rsquo;exposition au ch\u00e2teau Pradelle BSA<\/p>\n","protected":false},"author":1,"featured_media":0,"parent":0,"menu_order":0,"comment_status":"closed","ping_status":"closed","template":"","meta":{"footnotes":""},"class_list":["post-122","page","type-page","status-publish","hentry"],"_links":{"self":[{"href":"http:\/\/elfiexertier.com\/index.php\/wp-json\/wp\/v2\/pages\/122","targetHints":{"allow":["GET"]}}],"collection":[{"href":"http:\/\/elfiexertier.com\/index.php\/wp-json\/wp\/v2\/pages"}],"about":[{"href":"http:\/\/elfiexertier.com\/index.php\/wp-json\/wp\/v2\/types\/page"}],"author":[{"embeddable":true,"href":"http:\/\/elfiexertier.com\/index.php\/wp-json\/wp\/v2\/users\/1"}],"replies":[{"embeddable":true,"href":"http:\/\/elfiexertier.com\/index.php\/wp-json\/wp\/v2\/comments?post=122"}],"version-history":[{"count":7,"href":"http:\/\/elfiexertier.com\/index.php\/wp-json\/wp\/v2\/pages\/122\/revisions"}],"predecessor-version":[{"id":302,"href":"http:\/\/elfiexertier.com\/index.php\/wp-json\/wp\/v2\/pages\/122\/revisions\/302"}],"wp:attachment":[{"href":"http:\/\/elfiexertier.com\/index.php\/wp-json\/wp\/v2\/media?parent=122"}],"curies":[{"name":"wp","href":"https:\/\/api.w.org\/{rel}","templated":true}]}}