{"id":138,"date":"2026-04-07T17:09:08","date_gmt":"2026-04-07T17:09:08","guid":{"rendered":"http:\/\/elfiexertier.com\/?page_id=138"},"modified":"2026-04-07T17:09:25","modified_gmt":"2026-04-07T17:09:25","slug":"lacher-de-ballons","status":"publish","type":"page","link":"http:\/\/elfiexertier.com\/index.php\/lacher-de-ballons\/","title":{"rendered":"l\u00e2cher de ballons"},"content":{"rendered":"\n<div class=\"wp-block-cover alignfull is-light has-custom-content-position is-position-top-center\" style=\"margin-top:0;margin-bottom:0;padding-top:var(--wp--preset--spacing--50);padding-right:var(--wp--preset--spacing--50);padding-bottom:var(--wp--preset--spacing--50);padding-left:var(--wp--preset--spacing--50);min-height:840px;aspect-ratio:unset;\"><img loading=\"lazy\" decoding=\"async\" width=\"679\" height=\"1024\" class=\"wp-block-cover__image-background wp-image-254 size-large\" alt=\"\" src=\"https:\/\/elfiexertier.com\/wp-content\/uploads\/2026\/04\/elfi.exertier-lache-de-ballon-679x1024.jpg\" data-object-fit=\"cover\" srcset=\"http:\/\/elfiexertier.com\/wp-content\/uploads\/2026\/04\/elfi.exertier-lache-de-ballon-679x1024.jpg 679w, http:\/\/elfiexertier.com\/wp-content\/uploads\/2026\/04\/elfi.exertier-lache-de-ballon-199x300.jpg 199w, http:\/\/elfiexertier.com\/wp-content\/uploads\/2026\/04\/elfi.exertier-lache-de-ballon.jpg 700w\" sizes=\"auto, (max-width: 679px) 100vw, 679px\" \/><span aria-hidden=\"true\" class=\"wp-block-cover__background has-background-dim-10 has-background-dim\" style=\"background-color:#c8beb3\"><\/span><div class=\"wp-block-cover__inner-container has-global-padding is-layout-constrained wp-container-core-cover-is-layout-d89aad35 wp-block-cover-is-layout-constrained\">\n<div class=\"wp-block-group alignwide has-global-padding is-content-justification-left is-layout-constrained wp-container-core-group-is-layout-12dd3699 wp-block-group-is-layout-constrained\">\n<p class=\"has-text-align-left\"><\/p>\n<\/div>\n<\/div><\/div>\n\n\n\n<div class=\"wp-block-group alignfull is-style-section-5 has-global-padding is-layout-constrained wp-block-group-is-layout-constrained is-style-section-5--1\" style=\"margin-top:0;margin-bottom:0;padding-top:var(--wp--preset--spacing--50);padding-bottom:var(--wp--preset--spacing--50)\">\n<div class=\"wp-block-columns alignwide is-layout-flex wp-container-core-columns-is-layout-7ee84d44 wp-block-columns-is-layout-flex\">\n<div class=\"wp-block-column is-vertically-aligned-center is-layout-flow wp-block-column-is-layout-flow\" style=\"flex-basis:50%\">\n<h2 class=\"wp-block-heading\">l\u00e2cher de ballons <\/h2>\n\n\n\n<p class=\"has-medium-font-size\">Techniques mixtes, ballon de baudruche, pl\u00e2tre, h\u00e9lium<strong>, 2016<\/strong><\/p>\n\n\n\n<p class=\"has-medium-font-size\">Photo Laure Abouaf<\/p>\n<\/div>\n\n\n\n<div class=\"wp-block-column is-vertically-aligned-center is-layout-flow wp-block-column-is-layout-flow\" style=\"flex-basis:50%\">\n<figure class=\"wp-block-image size-full\"><img loading=\"lazy\" decoding=\"async\" width=\"700\" height=\"1056\" src=\"https:\/\/elfiexertier.com\/wp-content\/uploads\/2026\/04\/elfi.exertier-lache-de-ballon-1.jpg\" alt=\"\" class=\"wp-image-255\" style=\"aspect-ratio:1;object-fit:cover\" srcset=\"http:\/\/elfiexertier.com\/wp-content\/uploads\/2026\/04\/elfi.exertier-lache-de-ballon-1.jpg 700w, http:\/\/elfiexertier.com\/wp-content\/uploads\/2026\/04\/elfi.exertier-lache-de-ballon-1-199x300.jpg 199w, http:\/\/elfiexertier.com\/wp-content\/uploads\/2026\/04\/elfi.exertier-lache-de-ballon-1-679x1024.jpg 679w\" sizes=\"auto, (max-width: 700px) 100vw, 700px\" \/><\/figure>\n<\/div>\n<\/div>\n<\/div>\n\n\n\n<div class=\"wp-block-group alignfull has-global-padding is-layout-constrained wp-block-group-is-layout-constrained\" style=\"margin-top:0;margin-bottom:0\">\n<div class=\"wp-block-group alignwide is-layout-grid wp-container-core-group-is-layout-5fdb10e5 wp-block-group-is-layout-grid\" style=\"padding-top:var(--wp--preset--spacing--50);padding-bottom:var(--wp--preset--spacing--50)\">\n<div class=\"wp-block-group is-vertical is-content-justification-stretch is-nowrap is-layout-flex wp-container-core-group-is-layout-627337ab wp-block-group-is-layout-flex\">\n<div class=\"wp-block-group is-vertical is-content-justification-left is-layout-flex wp-container-core-group-is-layout-dd225191 wp-block-group-is-layout-flex\">\n<pre class=\"wp-block-code is-style-text-subtitle\"><code>Les ballons sont pos\u00e9s au sol, reli\u00e9s \u00e0 des plaques de pl\u00e2tre, trop lourdes pour laisser le ballon prendre son envol. Ce sont des versos de carte postale, sans inscription. Elles sont reli\u00e9es aux ballons\npar des liens blancs. La carte postale, ce petit bout de papier nous permet de voyager par procuration.\nToute cette blancheur donne l\u2019aspect d\u2019une sculpture \u00e0 hauteur d\u2019homme. Ces formes antropomorphiques attendent : nous sommes face \u00e0 une foule de voyageurs sur le d\u00e9part. Ces silhouettes humaines fragiles oscillent avec les courants d\u2019air. Ces ballons sont align\u00e9s dans un cadre.\nComme une bouteille l\u00e2ch\u00e9e \u00e0 la mer, le message n\u2019est pas transmis, il reste \u00e0 terre. Nous c\u00e9l\u00e9brons ce voyage imaginaire tel un \u00e9v\u00e9nement. Ces cartes postales sont en pause.\nCe l\u00e2cher de ballon est le symbole du souvenir, l\u2019anecdote que l\u2019on raconte \u00e0 notre retour de voyage.\nC\u2019est un message en attente qui rappelle un ancien mode de communication, c\u2019est avec des ballons et des oiseaux que le courrier circulait.<\/code><\/pre>\n<\/div>\n\n\n\n<figure class=\"wp-block-image size-full\"><img loading=\"lazy\" decoding=\"async\" width=\"1700\" height=\"2560\" src=\"http:\/\/elfiexertier.com\/wp-content\/uploads\/2026\/04\/IMA1701_ballons2-scaled.jpg\" alt=\"\" class=\"wp-image-277\" style=\"aspect-ratio:16\/9;object-fit:cover\" srcset=\"http:\/\/elfiexertier.com\/wp-content\/uploads\/2026\/04\/IMA1701_ballons2-scaled.jpg 1700w, http:\/\/elfiexertier.com\/wp-content\/uploads\/2026\/04\/IMA1701_ballons2-199x300.jpg 199w, http:\/\/elfiexertier.com\/wp-content\/uploads\/2026\/04\/IMA1701_ballons2-680x1024.jpg 680w, http:\/\/elfiexertier.com\/wp-content\/uploads\/2026\/04\/IMA1701_ballons2-768x1156.jpg 768w, http:\/\/elfiexertier.com\/wp-content\/uploads\/2026\/04\/IMA1701_ballons2-1020x1536.jpg 1020w, http:\/\/elfiexertier.com\/wp-content\/uploads\/2026\/04\/IMA1701_ballons2-1360x2048.jpg 1360w\" sizes=\"auto, (max-width: 1700px) 100vw, 1700px\" \/><\/figure>\n<\/div>\n\n\n\n<figure class=\"wp-block-image size-full\"><img loading=\"lazy\" decoding=\"async\" width=\"1700\" height=\"2560\" src=\"http:\/\/elfiexertier.com\/wp-content\/uploads\/2026\/04\/IMA1568_ballons1-scaled.jpg\" alt=\"\" class=\"wp-image-276\" style=\"aspect-ratio:3\/4;object-fit:cover\" srcset=\"http:\/\/elfiexertier.com\/wp-content\/uploads\/2026\/04\/IMA1568_ballons1-scaled.jpg 1700w, http:\/\/elfiexertier.com\/wp-content\/uploads\/2026\/04\/IMA1568_ballons1-199x300.jpg 199w, http:\/\/elfiexertier.com\/wp-content\/uploads\/2026\/04\/IMA1568_ballons1-680x1024.jpg 680w, http:\/\/elfiexertier.com\/wp-content\/uploads\/2026\/04\/IMA1568_ballons1-768x1156.jpg 768w, http:\/\/elfiexertier.com\/wp-content\/uploads\/2026\/04\/IMA1568_ballons1-1020x1536.jpg 1020w, http:\/\/elfiexertier.com\/wp-content\/uploads\/2026\/04\/IMA1568_ballons1-1360x2048.jpg 1360w\" sizes=\"auto, (max-width: 1700px) 100vw, 1700px\" \/><\/figure>\n<\/div>\n<\/div>\n\n\n\n<div class=\"wp-block-group alignfull has-global-padding is-layout-constrained wp-block-group-is-layout-constrained\" style=\"margin-top:0;margin-bottom:0\">\n<p><\/p>\n<\/div>\n\n\n\n<figure class=\"wp-block-image size-large\"><img loading=\"lazy\" decoding=\"async\" width=\"724\" height=\"1024\" src=\"http:\/\/elfiexertier.com\/wp-content\/uploads\/2026\/04\/logo-fiacre6-724x1024.jpg\" alt=\"\" class=\"wp-image-278\" srcset=\"http:\/\/elfiexertier.com\/wp-content\/uploads\/2026\/04\/logo-fiacre6-724x1024.jpg 724w, http:\/\/elfiexertier.com\/wp-content\/uploads\/2026\/04\/logo-fiacre6-212x300.jpg 212w, http:\/\/elfiexertier.com\/wp-content\/uploads\/2026\/04\/logo-fiacre6-768x1086.jpg 768w, http:\/\/elfiexertier.com\/wp-content\/uploads\/2026\/04\/logo-fiacre6-1086x1536.jpg 1086w, http:\/\/elfiexertier.com\/wp-content\/uploads\/2026\/04\/logo-fiacre6-1448x2048.jpg 1448w, http:\/\/elfiexertier.com\/wp-content\/uploads\/2026\/04\/logo-fiacre6-scaled.jpg 1810w\" sizes=\"auto, (max-width: 724px) 100vw, 724px\" \/><\/figure>\n","protected":false},"excerpt":{"rendered":"<p>l\u00e2cher de ballons Techniques mixtes, ballon de baudruche, pl\u00e2tre, h\u00e9lium, 2016 Photo Laure Abouaf<\/p>\n","protected":false},"author":1,"featured_media":0,"parent":0,"menu_order":0,"comment_status":"closed","ping_status":"closed","template":"","meta":{"footnotes":""},"class_list":["post-138","page","type-page","status-publish","hentry"],"_links":{"self":[{"href":"http:\/\/elfiexertier.com\/index.php\/wp-json\/wp\/v2\/pages\/138","targetHints":{"allow":["GET"]}}],"collection":[{"href":"http:\/\/elfiexertier.com\/index.php\/wp-json\/wp\/v2\/pages"}],"about":[{"href":"http:\/\/elfiexertier.com\/index.php\/wp-json\/wp\/v2\/types\/page"}],"author":[{"embeddable":true,"href":"http:\/\/elfiexertier.com\/index.php\/wp-json\/wp\/v2\/users\/1"}],"replies":[{"embeddable":true,"href":"http:\/\/elfiexertier.com\/index.php\/wp-json\/wp\/v2\/comments?post=138"}],"version-history":[{"count":5,"href":"http:\/\/elfiexertier.com\/index.php\/wp-json\/wp\/v2\/pages\/138\/revisions"}],"predecessor-version":[{"id":280,"href":"http:\/\/elfiexertier.com\/index.php\/wp-json\/wp\/v2\/pages\/138\/revisions\/280"}],"wp:attachment":[{"href":"http:\/\/elfiexertier.com\/index.php\/wp-json\/wp\/v2\/media?parent=138"}],"curies":[{"name":"wp","href":"https:\/\/api.w.org\/{rel}","templated":true}]}}