{"id":144,"date":"2026-03-26T14:20:57","date_gmt":"2026-03-26T14:20:57","guid":{"rendered":"http:\/\/elfiexertier.com\/?page_id=144"},"modified":"2026-03-26T14:20:57","modified_gmt":"2026-03-26T14:20:57","slug":"jeu-de-quilles","status":"publish","type":"page","link":"http:\/\/elfiexertier.com\/index.php\/jeu-de-quilles\/","title":{"rendered":"jeu de quilles"},"content":{"rendered":"\n<div class=\"wp-block-cover alignfull is-light has-custom-content-position is-position-bottom-center\" style=\"margin-top:0;margin-bottom:0;padding-top:var(--wp--preset--spacing--50);padding-right:var(--wp--preset--spacing--50);padding-bottom:var(--wp--preset--spacing--50);padding-left:var(--wp--preset--spacing--50);min-height:840px;aspect-ratio:unset;\"><img loading=\"lazy\" decoding=\"async\" width=\"768\" height=\"1024\" class=\"wp-block-cover__image-background wp-image-198 size-large\" alt=\"\" src=\"http:\/\/elfiexertier.com\/wp-content\/uploads\/2026\/03\/IMG_20240625_164647-2-768x1024.jpg\" data-object-fit=\"cover\" srcset=\"http:\/\/elfiexertier.com\/wp-content\/uploads\/2026\/03\/IMG_20240625_164647-2-768x1024.jpg 768w, http:\/\/elfiexertier.com\/wp-content\/uploads\/2026\/03\/IMG_20240625_164647-2-225x300.jpg 225w, http:\/\/elfiexertier.com\/wp-content\/uploads\/2026\/03\/IMG_20240625_164647-2-1152x1536.jpg 1152w, http:\/\/elfiexertier.com\/wp-content\/uploads\/2026\/03\/IMG_20240625_164647-2-1536x2048.jpg 1536w, http:\/\/elfiexertier.com\/wp-content\/uploads\/2026\/03\/IMG_20240625_164647-2-scaled.jpg 1920w\" sizes=\"auto, (max-width: 768px) 100vw, 768px\" \/><span aria-hidden=\"true\" class=\"wp-block-cover__background has-background-dim-10 has-background-dim\" style=\"background-color:#8a8b85\"><\/span><div class=\"wp-block-cover__inner-container has-global-padding is-layout-constrained wp-container-core-cover-is-layout-d89aad35 wp-block-cover-is-layout-constrained\">\n<div class=\"wp-block-group alignwide has-global-padding is-content-justification-left is-layout-constrained wp-container-core-group-is-layout-12dd3699 wp-block-group-is-layout-constrained\">\n<p class=\"has-text-align-left\"><\/p>\n<\/div>\n<\/div><\/div>\n\n\n\n<div class=\"wp-block-group alignfull is-style-section-5 has-global-padding is-layout-constrained wp-block-group-is-layout-constrained is-style-section-5--1\" style=\"margin-top:0;margin-bottom:0;padding-top:var(--wp--preset--spacing--50);padding-bottom:var(--wp--preset--spacing--50)\">\n<div class=\"wp-block-columns alignwide is-layout-flex wp-container-core-columns-is-layout-7ee84d44 wp-block-columns-is-layout-flex\">\n<div class=\"wp-block-column is-vertically-aligned-center is-layout-flow wp-block-column-is-layout-flow\" style=\"flex-basis:50%\">\n<h2 class=\"wp-block-heading\">jeu de quilles <\/h2>\n\n\n\n<p class=\"has-medium-font-size\">Installation, technique mixte, 2014                            <br>Vue d\u2019exposition au ch\u00e2teau Pradel de Bourg St And\u00e9ol<\/p>\n<\/div>\n\n\n\n<div class=\"wp-block-column is-vertically-aligned-center is-layout-flow wp-block-column-is-layout-flow\" style=\"flex-basis:50%\">\n<figure class=\"wp-block-image size-full\"><img loading=\"lazy\" decoding=\"async\" width=\"1920\" height=\"2560\" src=\"http:\/\/elfiexertier.com\/wp-content\/uploads\/2026\/03\/IMG_20240625_164647-1-scaled.jpg\" alt=\"\" class=\"wp-image-197\" style=\"aspect-ratio:1;object-fit:cover\" srcset=\"http:\/\/elfiexertier.com\/wp-content\/uploads\/2026\/03\/IMG_20240625_164647-1-scaled.jpg 1920w, http:\/\/elfiexertier.com\/wp-content\/uploads\/2026\/03\/IMG_20240625_164647-1-225x300.jpg 225w, http:\/\/elfiexertier.com\/wp-content\/uploads\/2026\/03\/IMG_20240625_164647-1-768x1024.jpg 768w, http:\/\/elfiexertier.com\/wp-content\/uploads\/2026\/03\/IMG_20240625_164647-1-1152x1536.jpg 1152w, http:\/\/elfiexertier.com\/wp-content\/uploads\/2026\/03\/IMG_20240625_164647-1-1536x2048.jpg 1536w\" sizes=\"auto, (max-width: 1920px) 100vw, 1920px\" \/><\/figure>\n<\/div>\n<\/div>\n<\/div>\n\n\n\n<div class=\"wp-block-group alignfull has-global-padding is-layout-constrained wp-block-group-is-layout-constrained\" style=\"margin-top:0;margin-bottom:0\">\n<div class=\"wp-block-group alignwide is-layout-grid wp-container-core-group-is-layout-5fdb10e5 wp-block-group-is-layout-grid\" style=\"padding-top:var(--wp--preset--spacing--50);padding-bottom:var(--wp--preset--spacing--50)\">\n<div class=\"wp-block-group is-vertical is-content-justification-stretch is-nowrap is-layout-flex wp-container-core-group-is-layout-627337ab wp-block-group-is-layout-flex\">\n<div class=\"wp-block-group is-vertical is-content-justification-left is-layout-flex wp-container-core-group-is-layout-dd225191 wp-block-group-is-layout-flex\">\n<p><\/p>\n\n\n\n<pre class=\"wp-block-code is-style-text-subtitle\"><code>Cet assemblage de pi\u00e8ces de bois de meubles abandonn\u00e9s et de bois ramass\u00e9 en foret, fait appel \u00e0 la d\u00e9forestation . Ce jeu de quilles est construit en \u00e9quilibre, chaqune des trois parties de bois s\u2019emboite comme une tour. En r\u00e9f\u00e9rence aux jeux d\u2019enfants, les boulles de bois color\u00e9es renforcent le questionnement de l\u2019avenir des for\u00eats et de nos enfants.<\/code><\/pre>\n<\/div>\n\n\n\n<figure class=\"wp-block-image size-full\"><img loading=\"lazy\" decoding=\"async\" width=\"1707\" height=\"2560\" src=\"http:\/\/elfiexertier.com\/wp-content\/uploads\/2026\/03\/IMG_6828-scaled.jpg\" alt=\"\" class=\"wp-image-200\" style=\"aspect-ratio:16\/9;object-fit:cover\" srcset=\"http:\/\/elfiexertier.com\/wp-content\/uploads\/2026\/03\/IMG_6828-scaled.jpg 1707w, http:\/\/elfiexertier.com\/wp-content\/uploads\/2026\/03\/IMG_6828-200x300.jpg 200w, http:\/\/elfiexertier.com\/wp-content\/uploads\/2026\/03\/IMG_6828-683x1024.jpg 683w, http:\/\/elfiexertier.com\/wp-content\/uploads\/2026\/03\/IMG_6828-768x1152.jpg 768w, http:\/\/elfiexertier.com\/wp-content\/uploads\/2026\/03\/IMG_6828-1024x1536.jpg 1024w, http:\/\/elfiexertier.com\/wp-content\/uploads\/2026\/03\/IMG_6828-1365x2048.jpg 1365w\" sizes=\"auto, (max-width: 1707px) 100vw, 1707px\" \/><\/figure>\n<\/div>\n\n\n\n<figure class=\"wp-block-image size-full\"><img loading=\"lazy\" decoding=\"async\" width=\"1707\" height=\"2560\" src=\"http:\/\/elfiexertier.com\/wp-content\/uploads\/2026\/03\/IMG_6830-scaled.jpg\" alt=\"\" class=\"wp-image-199\" style=\"aspect-ratio:3\/4;object-fit:cover\" srcset=\"http:\/\/elfiexertier.com\/wp-content\/uploads\/2026\/03\/IMG_6830-scaled.jpg 1707w, http:\/\/elfiexertier.com\/wp-content\/uploads\/2026\/03\/IMG_6830-200x300.jpg 200w, http:\/\/elfiexertier.com\/wp-content\/uploads\/2026\/03\/IMG_6830-683x1024.jpg 683w, http:\/\/elfiexertier.com\/wp-content\/uploads\/2026\/03\/IMG_6830-768x1152.jpg 768w, http:\/\/elfiexertier.com\/wp-content\/uploads\/2026\/03\/IMG_6830-1024x1536.jpg 1024w, http:\/\/elfiexertier.com\/wp-content\/uploads\/2026\/03\/IMG_6830-1365x2048.jpg 1365w\" sizes=\"auto, (max-width: 1707px) 100vw, 1707px\" \/><\/figure>\n<\/div>\n<\/div>\n","protected":false},"excerpt":{"rendered":"<p>jeu de quilles Installation, technique mixte, 2014 Vue d\u2019exposition au ch\u00e2teau Pradel de Bourg St And\u00e9ol<\/p>\n","protected":false},"author":1,"featured_media":0,"parent":0,"menu_order":0,"comment_status":"closed","ping_status":"closed","template":"","meta":{"footnotes":""},"class_list":["post-144","page","type-page","status-publish","hentry"],"_links":{"self":[{"href":"http:\/\/elfiexertier.com\/index.php\/wp-json\/wp\/v2\/pages\/144","targetHints":{"allow":["GET"]}}],"collection":[{"href":"http:\/\/elfiexertier.com\/index.php\/wp-json\/wp\/v2\/pages"}],"about":[{"href":"http:\/\/elfiexertier.com\/index.php\/wp-json\/wp\/v2\/types\/page"}],"author":[{"embeddable":true,"href":"http:\/\/elfiexertier.com\/index.php\/wp-json\/wp\/v2\/users\/1"}],"replies":[{"embeddable":true,"href":"http:\/\/elfiexertier.com\/index.php\/wp-json\/wp\/v2\/comments?post=144"}],"version-history":[{"count":3,"href":"http:\/\/elfiexertier.com\/index.php\/wp-json\/wp\/v2\/pages\/144\/revisions"}],"predecessor-version":[{"id":201,"href":"http:\/\/elfiexertier.com\/index.php\/wp-json\/wp\/v2\/pages\/144\/revisions\/201"}],"wp:attachment":[{"href":"http:\/\/elfiexertier.com\/index.php\/wp-json\/wp\/v2\/media?parent=144"}],"curies":[{"name":"wp","href":"https:\/\/api.w.org\/{rel}","templated":true}]}}